19, 6 = 2*m + 2*y - 3*y. Let d be 495/36*8/2. What is the greatest common factor of d and m?
5
Suppose -k + 9 - 4 = 0. Suppose 4*d - 32 - 90 = -k*c, 82 = 3*c - 2*d. Calculate the highest common factor of c and 104.
26
Suppose -2*l - 2*l = 3*a - 172, 0 = 4*a + 4*l - 236. Let w be (-10)/(-4)*(a + 2). What is the greatest common divisor of 15 and w?
15
Let x be -3*20/(-36)*3. Suppose 50 + 50 = x*i. What is the greatest common factor of i and 5?
5
Let f(x) = 2*x**2 + 4*x + 2. Let q be f(-4). Calculate the greatest common factor of 18 and q.
18
Suppose -q + 16 = 3*q. Suppose q*m + b - 19 = 0, 0*m - 4*b = 4*m - 4. Suppose -c - m = -141. What is the highest common divisor of c and 15?
15
Let c(l) = l - 3. Let o be c(5). Suppose -5*s + 980 = 4*i, -5*s = o*i - 561 + 61. Calculate the highest common divisor of 24 and i.
24
Let z(j) = 2*j**2 + 4*j - 1. Let y be (4/(-6))/(1/9). Let r be z(y). Let o = r - 31. Calculate the highest common factor of o and 8.
8
Let g = 30 - 10. Let t = 266 + -246. Calculate the highest common factor of t and g.
20
Suppose 0*z + 30 = 2*z. Suppose -3*f - 2*q + 362 = 0, 4*f + 2*q - 482 = -0*q. What is the highest common factor of f and z?
15
Let b(m) = -m**3 - 4*m**2 - 2*m. Let v be b(-4). Let w(c) = c + 8. Let k be w(v). Calculate the highest common divisor of 144 and k.
16
Let w be (-1 - -2*1) + -2. Let z be 40 - -1*2*w. Suppose 3*u - z = 4. Calculate the greatest common factor of 112 and u.
14
Let o be (1 + 0)/((-14)/(-378)). What is the greatest common factor of 3 and o?
3
Let w(v) = -11*v**3 - 2*v**2. Let t be w(-2). Let b(c) = c**3 + 4*c**2 - 12*c + 16. Let f be b(-6). What is the highest common factor of f and t?
16
Let m(k) = k - 6. Let o be 4/14 - (-178)/14. Let g be m(o). Let y = -9 - -16. Calculate the greatest common factor of y and g.
7
Let o = -13 + 25. What is the greatest common factor of o and 6?
6
Suppose -56 - 4 = -2*h. Calculate the highest common factor of 12 and h.
6
Let v(p) = p + 1. Let m be v(1). Suppose -4*f + 262 = m*h, -3*f - 3*h - 111 = -5*f. Let k = 10 + -1. Calculate the greatest common divisor of k and f.
9
Let c be 17*(-1 - (4 - 7)). Calculate the greatest common factor of c and 272.
34
Let p be ((-2)/4)/(1/(-26)). Let o = p + 22. Let n = o - 25. What is the greatest common divisor of n and 110?
10
Suppose 3*y = -3*g + 42, 0 = -5*y + g - 3*g + 70. Calculate the highest common factor of 154 and y.
14
Let j = 11 - 5. Suppose 0 = 17*z - 11*z - 180. What is the highest common divisor of j and z?
6
Suppose 0 = -r + 3*q - 6*q + 48, -152 = -3*r - q. Suppose 3*w = 133 - 31. Calculate the highest common factor of w and r.
17
Let b be 149 + (0 - -6)/(3/(-2)). What is the highest common divisor of b and 29?
29
Let m be 3/3 + -2 - -10. Suppose -1 = -d - 0*d. Let v(g) = 7*g - 1. Let f be v(d). What is the highest common divisor of m and f?
3
Let p(h) = -17*h**3 - 2*h**2 - 3*h - 1. Let k be 2*2/4*-2. Let f be p(k). What is the greatest common factor of 19 and f?
19
Let m(i) be the first derivative of i**4/4 - i**3/3 - i**2/2 - 4*i + 1. Let b be m(3). Let r = 170 - 115. What is the highest common divisor of b and r?
11
Let u(s) = -s**2 + 4. Let c be u(0). Suppose -c*p - b + 3 = -17, b = 4. What is the greatest common factor of p and 44?
4
Let f be (5/(-15))/(1/(-9)). Suppose 2*m + 2*p = 40, -f*p - 2*p + 40 = m. What is the greatest common factor of m and 105?
15
Let p = 1 - 4. Let l be 2/((-42)/15 - p). What is the highest common divisor of l and 40?
10
Suppose -3*o + 3*g = 0, -2*g + 2 = -2*o + g. Let p(n) = -5*n - n - 3 - 7*n**o + n**3 - 1. Let l be p(8). Calculate the greatest common divisor of 108 and l.
12
Suppose -25 = -v - 1. What is the highest common factor of 48 and v?
24
Suppose 3 - 39 = -4*m. Let p(b) = 3*b - 3. Let r be p(3). Calculate the highest common factor of r and m.
3
Suppose 0 = 10*y - 20 - 330. Calculate the highest common factor of y and 14.
7
Let c be (-3 - (-2 + -13)) + 3. What is the highest common divisor of c and 75?
15
Let w be (-1)/(3/(-132)) + -2. Let p be ((-28)/6)/((-2)/6). Calculate the highest common factor of w and p.
14
Let q = -5 + 7. Suppose 15 = -q*b + 5*l, 2*l + 3 = 3*b + 3*l. Suppose 3*h + s + 24 = 64, b = -5*s - 10. What is the greatest common factor of h and 14?
14
Let s(x) = -15*x + 3. Let l be s(-2). What is the highest common divisor of 297 and l?
33
Let d(s) = 2*s**3 - s**2 + 2*s - 1. Let b be d(1). Let h be (-5)/b*(-1260)/50. Calculate the greatest common divisor of h and 7.
7
Let v = -19 + 11. Suppose 0*x - 4*x + 8 = 0. Let a be 105/12 - x/v. What is the highest common factor of a and 18?
9
Suppose -c = 4*g - 2*c + 8, g - 3*c - 9 = 0. Let q = g + 6. Suppose 3*o - 21 - q = 0. What is the greatest common divisor of o and 4?
4
Let y(h) = h**3 + 4*h**2 - 6*h + 2. Let l be y(-5). Suppose -5 = a, -2*a + 18 = 4*t - 0*a. Calculate the highest common factor of t and l.
7
Let g = -4 + 9. Calculate the greatest common factor of 10 and g.
5
Let t = 16 + 7. Let i = 34 - t. Let r(b) = -b**3 - 3*b**2 - 5*b + 2. Let y be r(-5). Calculate the greatest common factor of y and i.
11
Let a = 18 + -12. Let l be 1*(1 + 1 - -1). Suppose a*w - l*w - 33 = 0. Calculate the highest common factor of 44 and w.
11
Suppose -5*w = 12 + 23. Let t = 11 + w. Let a = 10 + t. What is the highest common factor of a and 14?
14
Let q be 1/(-5) + 84/20. Suppose 5*p + 4*z - 30 = 0, 5*z - 29 = -q. Let w be (-66)/(-4) - 6/(-4). What is the greatest common factor of p and w?
2
Let w(c) = 15*c - 4. Let m be w(4). Let r(i) = i - 7. Let o be r(15). Calculate the greatest common divisor of m and o.
8
Suppose 6*h = 2*h + 16. Let t be (1/2)/((-1)/(-6)). Suppose 2*c - 84 = -3*i, 6*c - t*c - 120 = -3*i. What is the highest common factor of h and c?
4
Let r be (-1)/2 - (-14)/4. Suppose 2*l - 15 + 5 = 0. Suppose -l*v = -27 - 33. Calculate the highest common divisor of v and r.
3
Let q = 308 + -209. Let d be 18/q - 84/(-22). Calculate the greatest common factor of d and 36.
4
Let v = -14 + 50. Suppose 2*n - 4*n + 66 = 0. Suppose -z + 6*o - 2*o + n = 0, v = z - 5*o. Calculate the greatest common divisor of 3 and z.
3
Let g(z) = z**3 + 13*z**2 - 3*z - 11. Let m be g(-13). What is the highest common factor of m and 56?
28
Suppose 0 = -2*j - 0*j + 2*o + 20, 0 = 2*j + 2*o - 16. Suppose -v + 0*w - j = 5*w, 5*v - 27 = -w. Calculate the greatest common factor of 18 and v.
6
Let m be (1 - -1) + (-1 - (-3 - 0)). What is the greatest common divisor of 2 and m?
2
Let x = -2 + 0. Let n be ((-10)/15)/(x/9). Calculate the greatest common factor of n and 2.
1
Let t = -24 - -17. Let z = 70 - t. Let k = -13 - -20. What is the highest common factor of z and k?
7
Let m be (-2)/3 + 8/3. Suppose -a - m*a = -3. Let f be ((-9)/6)/(a/(-30)). What is the highest common divisor of f and 5?
5
Let r = 7 - 22. Let p = 23 + r. What is the highest common divisor of 64 and p?
8
Suppose -18 = -6*x + 3*x. Suppose 0 = 2*z + 4*i - 6, 4 = -3*z + i - 1. Let f be z + 2 - (1 - 6). Calculate the greatest common divisor of f and x.
6
Suppose 2*q = -2*q - 32. Let h be -108*(0 + 10/q). Calculate the greatest common factor of 15 and h.
15
Suppose -6*x = -2 - 34. What is the greatest common divisor of x and 48?
6
Let u be (13 - -1)/(5 + -4). Let c = 68 - u. Suppose 81 = 4*t - 63. Calculate the greatest common divisor of c and t.
18
Let b = 18 - 8. Suppose -b*u + 12*u = 36. Calculate the greatest common divisor of 54 and u.
18
Let u(i) = -2*i + 11. Let l be u(-8). What is the greatest common factor of l and 135?
27
Suppose -32 = 6*m - 176. Let d(t) = t**3 + 8*t**2 - 2*t - 10. Let s be d(-8). Calculate the greatest common factor of s and m.
6
Let z(h) = -h**3 - 6*h**2 - 6*h - 6. Let s be z(-4). Let m be (15 - -1)/((-16)/(-24)). Let v = s + m. Calculate the greatest common divisor of v and 90.
10
Let n = 7 + -5. Let l = 3 + n. What is the greatest common divisor of l and 20?
5
Let v = 4 - 1. Suppose j + 1 = -i - 0, v = 2*j + i. Suppose -5*y + s = -6 - 35, 0 = -3*s - 3. What is the greatest common factor of j and y?
4
Let n be 3/(-2)*2*-1. Suppose -2*j = -n*j + 18. Let u(l) = 4*l. Let o be u(3). What is the greatest common factor of j and o?
6
Let y = -7 + 10. Suppose 14 = 2*m - m + t, -2*t - 27 = -y*m. Calculate the greatest common factor of 22 and m.
11
Let v be